e n(-6).
-739
Let f(k) = -k**3 + 478*k**2 + 4872*k + 3912. What is f(488)?
8
Let s(m) = -2*m**2 - 19*m + 515. Determine s(-32).
-925
Let n(t) = 167*t**2 - 30*t + 112. What is n(3)?
1525
Let v(b) = 13*b**2 + 1348*b + 1288. Determine v(-104).
1704
Let x(d) = -222*d + 457. What is x(5)?
-653
Let g(u) = 2*u**2 + 2534*u + 237638. Give g(-102).
-22
Let v(x) = -x**3 + 17*x**2 + 75*x - 1257. Calculate v(17).
18
Let q(p) = -p**3 + 6*p**2 + 91*p + 1. Determine q(8).
601
Let g(i) = 48*i**2 + 25998*i - 25998. What is g(1)?
48
Let d(i) = 87*i**3 + 7*i**2 + 7*i + 2. Give d(-2).
-680
Let x(h) = h**3 + 291*h**2 - 306*h - 3956. What is x(-292)?
132
Let s(j) = -48788*j - 829438. Calculate s(-17).
-42
Let g(z) = 2997*z + 12932. Determine g(-4).
944
Let l(j) = -j**3 + 108*j**2 + 168*j - 5495. What is l(109)?
936
Let u(c) = 5*c**3 - 45*c**2 - 80*c + 24. Determine u(10).
-276
Let f(q) = -6*q**3 - 64*q**2 + 12*q - 20. Give f(-11).
90
Let t(n) = n**2 + 1157*n - 22377. Determine t(19).
-33
Let q(y) = -553*y + 27659. What is q(50)?
9
Let f(w) = 3*w**3 + 6*w**2 + 9486*w + 18966. Calculate f(-2).
-6
Let g(w) = w**2 + 8278*w + 4832281. Determine g(-632).
9
Let r(k) = -433*k + 60119. What is r(138)?
365
Let c(s) = 3*s**3 + 2*s**2 - 3594*s - 3595. Determine c(-1).
-2
Let t(n) = -3*n**3 + 56*n**2 - 32*n - 6. Calculate t(18).
66
Let s(d) = d**3 - 41*d**2 - 54*d - 51. Give s(43).
1325
Let t(f) = f**2 + 1236*f + 83085. What is t(-71)?
370
Let a(k) = -5*k**3 + 670*k**2 + 94*k - 15115. Calculate a(134).
-2519
Let h(i) = 201*i**2 + 16*i + 16. Determine h(0).
16
Let p(n) = 294*n - 32979. Determine p(112).
-51
Let j(i) = 3*i**2 + 197*i - 311. Give j(-67).
-43
Let y(c) = -c**3 + 2*c**2 - 359*c + 590. Give y(0).
590
Let u(o) = 9*o**2 - 2308*o + 40670. What is u(19)?
67
Let f(p) = 10404*p + 104430. What is f(-10)?
390
Let s(y) = -21*y + 2071. Give s(109).
-218
Let p(d) = -10*d**2 - 106789*d + 106791. Calculate p(1).
-8
Let s(u) = -151807*u - 1214433. Calculate s(-8).
23
Let r(v) = -v**3 + 56*v**2 - 152*v - 230. Calculate r(53).
141
Let w(x) = x**2 + 1313*x - 49731. Determine w(37).
219
Let g(s) = s**2 + 18*s + 180. Give g(11).
499
Let u(s) = 25939*s - 389059. Determine u(15).
26
Let q(f) = -2*f**2 + 51*f + 730. Calculate q(-10).
20
Let u(o) = -7*o**2 + 1723*o + 51321. Determine u(273).
-3
Let r(s) = 6237645*s + 37425870. Calculate r(-6).
0
Let t(p) = 37*p**3 + 3957*p**2 - 233*p - 2032. Give t(-107).
1
Let w(n) = -197*n**3 + 5*n**2 + 174*n + 170. Give w(-1).
198
Let h(f) = 269*f**2 + 3491*f - 29. Give h(-13).
49
Let j(g) = 1130*g + 127717. What is j(-113)?
27
Let m(q) = -174087*q + 522265. Calculate m(3).
4
Let p(q) = 9*q**2 + 2440*q + 59304. Calculate p(-27).
-15
Let f(p) = p**3 + 295*p**2 - 3257*p - 1125974. What is f(-293)?
25
Let c(l) = 5*l**2 - 210*l + 94. Give c(41).
-111
Let q(s) = -s**2 - 1211*s - 347196. Give q(-745).
-26
Let k(i) = 2*i**3 - 370*i**2 + 16930*i + 201. Give k(102).
-3
Let o(z) = z**3 - 138*z**2 - 927*z + 619. Calculate o(-7).
3
Let w(c) = -c**3 - 21*c**2 - 79*c - 378. Give w(-19).
401
Let j(q) = 6*q**2 + 7*q - 278. Determine j(-9).
145
Let z(h) = -h**2 - 372*h - 10210. Give z(-343).
-263
Let v(m) = m**2 - 9220*m - 501567. Determine v(-54).
-771
Let g(z) = -z**3 - 30*z**2 - 67*z - 278. Give g(-28).
30
Let b(w) = 9*w**2 - 160*w - 24429. What is b(-44)?
35
Let r(a) = -42*a**2 - 1141*a - 3944. What is r(-23)?
81
Let d(b) = 10*b**3 + 2*b**2 + 192*b - 1343. Determine d(7).
3529
Let o(b) = -10*b**3 - 205*b**2 - 51*b + 1017. Calculate o(-20).
37
Let c(r) = 5*r**2 - 592*r + 5826. Determine c(10).
406
Let c(u) = u**2 + 9461*u - 667167. Give c(70).
3
Let m(y) = -y**3 + 15*y**2 - 942*y + 11499. Calculate m(13).
-409
Let z(y) = 11420*y - 148453. Give z(13).
7
Let f(g) = 5*g**3 - g**2 + 82*g - 374. Calculate f(4).
258
Let h(a) = -83*a**3 - 2582*a**2 - 287*a - 369. What is h(-31)?
-121
Let g(q) = 11*q**2 + 1068*q + 936. Determine g(-96).
-216
Let m(r) = 200*r**2 - 1596*r - 84. Give m(8).
-52
Let a(l) = 53*l + 3976. What is a(-51)?
1273
Let n(f) = -82535*f + 660309. Calculate n(8).
29
Let q(u) = -8*u**2 - 3155*u + 5164. What is q(-396)?
16
Let c(m) = 2*m**2 - 38224*m - 803578. Give c(-21).
8
Let v(g) = -g**3 + 68*g**2 - 642*g + 402. Calculate v(54).
6558
Let v(n) = -24*n**2 - 197*n - 1022. Give v(-5).
-637
Let z(x) = -41186*x - 1029778. Determine z(-25).
-128
Let b(o) = -19959*o - 1576698. Calculate b(-79).
63
Let z(g) = -2*g**3 - 133*g**2 - 73*g - 545. What is z(-66)?
-83
Let h(m) = -2262*m - 1133037. Determine h(-501).
225
Let u(j) = 22*j**2 - 1135*j - 5658. Give u(-5).
567
Let j(h) = h**3 + 36*h**2 + 990*h + 27591. Give j(-32).
7
Let a(y) = -y**3 - 520*y**2 - 2557*y + 9190. Calculate a(-515).
-80
Let q(o) = o**2 + 130*o - 9851. Determine q(51).
-620
Let n(j) = j**3 - 36*j**2 - 92*j + 53. Determine n(-3).
-22
Let u(g) = 51*g**2 + 579*g - 1990. Determine u(-14).
-100
Let n(i) = 4*i**3 - 180*i**2 - 182*i - 207. Determine n(46).
-115
Let p(z) = 8*z**2 + 7633*z + 15271. What is p(-2)?
37
Let v(l) = 8*l**3 + 807*l**2 - 90*l + 1223. What is v(-101)?
112
Let o(x) = -x**2 - 58*x - 1931. Give o(-29).
-1090
Let j(m) = -m**2 + 255*m - 5549. Calculate j(24).
-5
Let r(f) = 2286*f - 8498. Determine r(4).
646
Let l(r) = 23*r**3 - 93*r**2 + 237*r - 717. What is l(3)?
-222
Let n(r) = -2*r**3 - 403*r**2 + 95*r - 21600. Give n(-202).
14
Let o(j) = -63*j - 100. Give o(13).
-919
Let z(a) = -1076*a + 451928. Determine z(420).
8
Let r(i) = -60*i**2 + 14*i + 7105. Give r(11).
-1
Let z(g) = -2*g**3 + 9*g**2 - 32*g + 90. Determine z(6).
-210
Let g(l) = -1675*l + 639. Give g(0).
639
Let q(s) = -1641*s - 275852. Give q(-168).
-164
Let y(z) = 2764*z + 699304. What is y(-253)?
12
Let h(w) = -861*w + 154238. Give h(179).
119
Let a(z) = -1812*z + 172115. Give a(95).
-25
Let r(z) = 769*z - 26200. Give r(32).
-1592
Let k(s) = -s**3 - 39*s**2 - 174*s + 11. Calculate k(-5).
31
Let a(i) = 2*i**2 - 97*i - 3687. Determine a(-22).
-585
Let u(f) = 64424*f - 966276. Give u(15).
84
Let y(o) = 21791*o + 479377. Give y(-22).
-25
Let f(d) = 3*d**3 + 5*d**2 + 35*d - 167. Calculate f(6).
871
Let l(f) = 684*f + 68383. Give l(-100).
-17
Let i(h) = -h**2 - 1373*h + 16630. Calculate i(12).
10
Let m(i) = -4*i**2 + 24*i + 287. Give m(12).
-1
Let y(u) = 177*u - 175. Give y(1).
2
Let y(g) = 886*g + 109030. Determine y(-123).
52
Let f(p) = -2*p**2 + 2305*p + 20891. What is f(-9)?
-16
Let f(d) = d**3 - 83*d**2 + 154*d - 1866. What is f(81)?
-2514
Let g(o) = 8*o**3 + 11642*o**2 - 8791*o - 80080. Calculate g(-1456).
0
Let t(a) = -1693*a + 94824. Give t(56).
16
Let i(s) = 108*s**2 + 13763*s + 58923. Determine i(-123).
6
Let b(c) = -3*c**3 - 222*c**2 + 299*c + 5497. Determine b(-75).
-53
Let u(s) = -s**3 + 44*s**2 + 804*s + 89. Give u(-14).
201
Let m(v) = 2*v**3 - 9*v**2 - 131*v - 109. Determine m(7).
-781
Let w(o) = 22*o**2 + 732*o - 533. Calculate w(-34).
11
Let j(w) = -13*w**2 + 68*w - 407. Calculate j(6).
-467
Let f(r) = 19881*r + 119186. What is f(-6)?
-100
Let b(h) = -8*h**3 - 15*h**2 + 157*h - 133. Determine b(1).
1
Let f(y) = -y**3 - 41*y**2 + 51*y + 1196. Give f(-41).
-895
Let d(n) = -48219*n - 530420. Calculate d(-11).
-11
Let r(z) = 2*z**3 - 1692*z**2 - 3393*z + 725. Determine r(848).
-123
Let m(p) = -13*p**2 - 62*p + 9. What is m(-2)?
81
Let f(c) = -49932*c + 199728. Determine f(4).
0
Let u(l) = -18890*l + 1057847. Calculate u(56).
7
Let i(s) = -s**3 + 4*s**2 + 10756*s - 64477. Calculate i(6).
-13
Let w(y) = -y**2 - 1962*y - 17600. Give w(-9).
-23
Let p(v) = -2766*v + 55333. Determine p(20).
13
Let f(u) = 2*u**3 + 155*u**2 - 540*u + 1744. What is f(-81)?
-443
Let h(o) = -o**3 + 182*o**2 + 729*o - 132670. Determine h(182).
8
Let c(s) = s**3 - 17*s**2 + 7*s - 613. Calculate c(18).
-163
Let v(s) = -s**3 + 697*s**2 + 94309*s - 826. Give v(813).
-13
Let d(x) = -x**3 - 1153*x**2 + 67*x + 5. What is d(0)?
5
Let x(r) = -r**3 + 78*r**2 - 195*r + 4689. Determine x(76).
1421
Let j(n) = -5*n**3 + 26*n**2 + 157*n - 658. Calculate j(4).
66
Let d(j) = 26*j**2 + 1591*j + 7558. What is d(-56)?
-2
Let d(g) = 71*g - 2750. Give d(37).
-123
Let z(u) = -9*u**2 - 11773*u + 106682. Calculate z(9).
-4
Let q(j) = j**3 + 2*j**2 + 17*j + 348. Give q(0).
348
Let b(r) = 555*r + 4435. Calculate b(-9).
-560
Let l(j) = -j**3 - 38*j**2 + 1174*j + 44173. 